{"id":2802,"date":"2024-03-05T15:33:52","date_gmt":"2024-03-05T14:33:52","guid":{"rendered":"https:\/\/www.weingut-julianenhof.de\/weinshop\/produkt\/niersteiner-spaetburgunder-rotwein-qualitaetswein-trocken\/"},"modified":"2025-12-04T16:54:34","modified_gmt":"2025-12-04T15:54:34","slug":"niersteiner-spaetburgunder-rotwein-qualitaetswein-trocken","status":"publish","type":"product","link":"https:\/\/www.weingut-julianenhof.de\/weinshop\/produkt\/niersteiner-spaetburgunder-rotwein-qualitaetswein-trocken\/","title":{"rendered":"2022 | Niersteiner Sp\u00e4tburgunder Rotwein Qualit\u00e4tswein trocken"},"content":{"rendered":"<p><span style=\"font-size: 14px;\">Feiner, eleganter Rotwein mit sanften Tanninen und Duft nach reifen Waldbeeren.<br \/>\nDIeser Sp\u00e4tburgunder wurde nach seiner Maischeg\u00e4rung 12 Monate in gebrauchten Barriquef\u00e4ssern ausgebaut.<br \/>\n<\/span><\/p>\n","protected":false},"excerpt":{"rendered":"<p>Feiner, eleganter Rotwein mit sanften Tanninen und Duft nach reifen Waldbeeren. DIeser Sp\u00e4tburgunder wurde nach seiner Maischeg\u00e4rung 12 Monate in gebrauchten Barriquef\u00e4ssern ausgebaut.<\/p>\n","protected":false},"featured_media":2242,"comment_status":"open","ping_status":"closed","template":"","meta":{"_et_pb_use_builder":"","_et_pb_old_content":"","_et_gb_content_width":""},"product_cat":[26,51,68,53,64],"product_tag":[],"acf":[],"_links":{"self":[{"href":"https:\/\/www.weingut-julianenhof.de\/weinshop\/wp-json\/wp\/v2\/product\/2802"}],"collection":[{"href":"https:\/\/www.weingut-julianenhof.de\/weinshop\/wp-json\/wp\/v2\/product"}],"about":[{"href":"https:\/\/www.weingut-julianenhof.de\/weinshop\/wp-json\/wp\/v2\/types\/product"}],"replies":[{"embeddable":true,"href":"https:\/\/www.weingut-julianenhof.de\/weinshop\/wp-json\/wp\/v2\/comments?post=2802"}],"wp:featuredmedia":[{"embeddable":true,"href":"https:\/\/www.weingut-julianenhof.de\/weinshop\/wp-json\/wp\/v2\/media\/2242"}],"wp:attachment":[{"href":"https:\/\/www.weingut-julianenhof.de\/weinshop\/wp-json\/wp\/v2\/media?parent=2802"}],"wp:term":[{"taxonomy":"product_cat","embeddable":true,"href":"https:\/\/www.weingut-julianenhof.de\/weinshop\/wp-json\/wp\/v2\/product_cat?post=2802"},{"taxonomy":"product_tag","embeddable":true,"href":"https:\/\/www.weingut-julianenhof.de\/weinshop\/wp-json\/wp\/v2\/product_tag?post=2802"}],"curies":[{"name":"wp","href":"https:\/\/api.w.org\/{rel}","templated":true}]}}