{"id":3051,"date":"2025-04-15T08:10:50","date_gmt":"2025-04-15T06:10:50","guid":{"rendered":"https:\/\/www.weingut-julianenhof.de\/weinshop\/produkt\/niersteiner-riesling-vom-rotliegenden-qualitaetswein-feinherb\/"},"modified":"2025-12-27T14:04:04","modified_gmt":"2025-12-27T13:04:04","slug":"niersteiner-riesling-vom-rotliegenden-qualitaetswein-feinherb","status":"publish","type":"product","link":"https:\/\/www.weingut-julianenhof.de\/weinshop\/produkt\/niersteiner-riesling-vom-rotliegenden-qualitaetswein-feinherb\/","title":{"rendered":"2024 | Niersteiner Riesling &#8220;Vom Rotliegenden&#8221; Qualit\u00e4tswein feinherb"},"content":{"rendered":"<p><span style=\"font-size: 14px;\">Typisches Terroir vom Rotliegenden. Feiner Pfirsichduft mit w\u00fcrzig-mineralische Noten. Ein besonderes Vergn\u00fcgen<\/span><\/p>\n","protected":false},"excerpt":{"rendered":"<table width=\"339\">\n<tbody>\n<tr>\n<td width=\"99\">Zutaten:<\/td>\n<td width=\"240\">Trauben, unter Schutzatmosph\u00e4re abgef\u00fcllt<\/td>\n<\/tr>\n<tr>\n<td><\/td>\n<td>Antioxidationsmittel: Sulfite<\/td>\n<\/tr>\n<tr>\n<td><\/td>\n<td><\/td>\n<\/tr>\n<tr>\n<td><\/td>\n<td><\/td>\n<\/tr>\n<tr>\n<td>N\u00e4hrwerte:<\/td>\n<td>100ml enthalten durchschnittlich:<\/td>\n<\/tr>\n<tr>\n<td>Brennwert:<\/td>\n<td>295kJ \/ 70kcal<\/td>\n<\/tr>\n<tr>\n<td>Kohlenhydrate:<\/td>\n<td>2,3g<\/td>\n<\/tr>\n<tr>\n<td>davon Zucker:<\/td>\n<td>1,6g<\/td>\n<\/tr>\n<\/tbody>\n<\/table>\n<p>enth\u00e4lt geringf\u00fcgige Mengen von Fett, Eiwei\u00df und Salz<\/p>\n","protected":false},"featured_media":2309,"comment_status":"open","ping_status":"closed","template":"","meta":{"_et_pb_use_builder":"","_et_pb_old_content":"","_et_gb_content_width":""},"product_cat":[26,46,69,53,60],"product_tag":[],"acf":[],"_links":{"self":[{"href":"https:\/\/www.weingut-julianenhof.de\/weinshop\/wp-json\/wp\/v2\/product\/3051"}],"collection":[{"href":"https:\/\/www.weingut-julianenhof.de\/weinshop\/wp-json\/wp\/v2\/product"}],"about":[{"href":"https:\/\/www.weingut-julianenhof.de\/weinshop\/wp-json\/wp\/v2\/types\/product"}],"replies":[{"embeddable":true,"href":"https:\/\/www.weingut-julianenhof.de\/weinshop\/wp-json\/wp\/v2\/comments?post=3051"}],"wp:featuredmedia":[{"embeddable":true,"href":"https:\/\/www.weingut-julianenhof.de\/weinshop\/wp-json\/wp\/v2\/media\/2309"}],"wp:attachment":[{"href":"https:\/\/www.weingut-julianenhof.de\/weinshop\/wp-json\/wp\/v2\/media?parent=3051"}],"wp:term":[{"taxonomy":"product_cat","embeddable":true,"href":"https:\/\/www.weingut-julianenhof.de\/weinshop\/wp-json\/wp\/v2\/product_cat?post=3051"},{"taxonomy":"product_tag","embeddable":true,"href":"https:\/\/www.weingut-julianenhof.de\/weinshop\/wp-json\/wp\/v2\/product_tag?post=3051"}],"curies":[{"name":"wp","href":"https:\/\/api.w.org\/{rel}","templated":true}]}}