{"id":3141,"date":"2025-10-28T09:32:53","date_gmt":"2025-10-28T08:32:53","guid":{"rendered":"https:\/\/www.weingut-julianenhof.de\/weinshop\/produkt\/niersteiner-riesling-spaetlese-roter-hang-2\/"},"modified":"2026-04-10T16:06:15","modified_gmt":"2026-04-10T14:06:15","slug":"niersteiner-riesling-spaetlese-roter-hang-2","status":"publish","type":"product","link":"https:\/\/www.weingut-julianenhof.de\/weinshop\/produkt\/niersteiner-riesling-spaetlese-roter-hang-2\/","title":{"rendered":"2024 | Niersteiner Riesling Sp\u00e4tlese &#8220;Roter Hang&#8221;"},"content":{"rendered":"<table width=\"227\">\n<tbody>\n<tr>\n<td width=\"125\"><strong>Zutaten:<\/strong><\/td>\n<\/tr>\n<tr>\n<td>Trauben<br \/>\nS\u00e4ureregulator: Milchs\u00e4ure<\/td>\n<\/tr>\n<tr>\n<td>Antioxidationsmittel:<strong> Sulfite<\/strong><\/td>\n<\/tr>\n<tr>\n<td>unter Schutzatmosph\u00e4re abgef\u00fcllt<\/td>\n<\/tr>\n<\/tbody>\n<\/table>\n<table>\n<tbody>\n<tr>\n<td><strong>100ml enthalten durchschnittlich<\/strong><\/td>\n<td><\/td>\n<\/tr>\n<tr>\n<td>Brennwert:<\/td>\n<td>322 kJ\/ 77 kcal<\/td>\n<\/tr>\n<tr>\n<td>Kohlenhydrate:<\/td>\n<td>7,1<\/td>\n<\/tr>\n<tr>\n<td>davon Zucker:<\/td>\n<td>6,5<\/td>\n<\/tr>\n<tr>\n<td>Enth\u00e4lt geringf\u00fcgige Mengen von Fett<\/td>\n<td><\/td>\n<\/tr>\n<tr>\n<td>ges\u00e4ttigten Fetts\u00e4uren,Eiwei\u00df und Salz<\/td>\n<td><\/td>\n<\/tr>\n<\/tbody>\n<\/table>\n","protected":false},"excerpt":{"rendered":"<p>Zutaten: Trauben S\u00e4ureregulator: Milchs\u00e4ure Antioxidationsmittel: Sulfite unter Schutzatmosph\u00e4re abgef\u00fcllt 100ml enthalten durchschnittlich Brennwert: 322 kJ\/ 77 kcal Kohlenhydrate: 7,1 davon Zucker: 6,5 Enth\u00e4lt geringf\u00fcgige Mengen von Fett ges\u00e4ttigten Fetts\u00e4uren,Eiwei\u00df und Salz<\/p>\n","protected":false},"featured_media":2315,"comment_status":"open","ping_status":"closed","template":"","meta":{"_et_pb_use_builder":"","_et_pb_old_content":"","_et_gb_content_width":""},"product_cat":[26,46,67,53,60],"product_tag":[],"acf":[],"_links":{"self":[{"href":"https:\/\/www.weingut-julianenhof.de\/weinshop\/wp-json\/wp\/v2\/product\/3141"}],"collection":[{"href":"https:\/\/www.weingut-julianenhof.de\/weinshop\/wp-json\/wp\/v2\/product"}],"about":[{"href":"https:\/\/www.weingut-julianenhof.de\/weinshop\/wp-json\/wp\/v2\/types\/product"}],"replies":[{"embeddable":true,"href":"https:\/\/www.weingut-julianenhof.de\/weinshop\/wp-json\/wp\/v2\/comments?post=3141"}],"wp:featuredmedia":[{"embeddable":true,"href":"https:\/\/www.weingut-julianenhof.de\/weinshop\/wp-json\/wp\/v2\/media\/2315"}],"wp:attachment":[{"href":"https:\/\/www.weingut-julianenhof.de\/weinshop\/wp-json\/wp\/v2\/media?parent=3141"}],"wp:term":[{"taxonomy":"product_cat","embeddable":true,"href":"https:\/\/www.weingut-julianenhof.de\/weinshop\/wp-json\/wp\/v2\/product_cat?post=3141"},{"taxonomy":"product_tag","embeddable":true,"href":"https:\/\/www.weingut-julianenhof.de\/weinshop\/wp-json\/wp\/v2\/product_tag?post=3141"}],"curies":[{"name":"wp","href":"https:\/\/api.w.org\/{rel}","templated":true}]}}